 Determine t(-6).
-3
Let p be (-2 - 3/(-2))/(6/(-36)). Let m(s) = s**3 - 4*s**2 + 4*s - 5. Give m(p).
-2
Suppose -15 = -3*y - n, 3*y - n + 19 = 7*y. Suppose 24 = 4*z + 4*q, -z + 2*z + y*q - 18 = 0. Let l(m) = -2 + m + 3 - 3 + z*m. Calculate l(5).
13
Let t be ((-30)/(-18))/((-3)/9 + 0). Let q(c) = -c**3 - 4*c**2 + 3*c - 2. Give q(t).
8
Let b(s) = 15*s**3 - 29*s**3 - 7*s**2 - 9*s + 6*s**3 + 7*s**3. Determine b(-6).
18
Let r(q) = -2*q + 7. Let s be (4/3)/((-6)/(-27)). Let w = s + 0. Calculate r(w).
-5
Suppose -8 = -2*y - 2*x, 2*y = 6*y - 5*x - 7. Let a(i) = 2*i**2 - 5*i - 3. Give a(y).
0
Let s be (-40)/(-7) - 4/(-14). Let i(w) be the first derivative of -w**4/4 + 2*w**3 - w**2/2 + w + 753. Give i(s).
-5
Let o be ((-8)/10)/((-4)/30). Let u(b) = 0*b + o*b + 6*b**2 + 3 + 2*b + b**3 + 3. Let l(k) = k + 13. Let x be l(-18). What is u(x)?
-9
Suppose -7*m + 48 = -4*m. Let p(z) = m - 2*z - 11 - 9. Let k be p(-4). Let d(i) = -i - 4. Determine d(k).
-8
Let s = -13 + 16. Suppose -s*d - 11 = 1. Let w(i) = i - 5*i + 1 + 3*i. What is w(d)?
5
Let q = -20 + 26. Let s(b) = q + 16*b**2 + b**3 - 3*b + 10*b - 23*b**2. Determine s(6).
12
Suppose 2*x - 7 = x. Suppose -3 + x = 2*y. Let t(m) = -5*m + 3*m - 1 - y. What is t(-6)?
9
Let z = -158 + 158. Let v(i) = i + 12 + 13*i**2 - 12*i**2 - 18. Calculate v(z).
-6
Let s(p) = -p**3 - p**2 + 3*p - 1. Suppose 0 = -210*t + 208*t - 6. What is s(t)?
8
Suppose 0 = -2*m + 4*u + 4, 5*m = 5*u - u + 10. Let f(n) = -2 + n**3 - 2*n + 2*n**2 + 3*n**m + 8 - 2*n**3. Suppose 4*a - 3*a = 5. Give f(a).
-4
Let t(p) be the second derivative of -p**5/20 - p**4/2 - 5*p**3/6 + 13*p**2/2 + 49*p - 2. Give t(-4).
1
Let w(l) = -l**2 - 2*l - 1. Suppose -8*p + 36 = -2*p. Suppose -4*a + 30 = p*a. What is w(a)?
-16
Let k(t) = 6*t**2 + 9*t + 8. Let l(i) = 5*i**2 + 6*i + 7. Let b(r) = -4*k(r) + 5*l(r). Give b(6).
3
Let x(h) be the first derivative of -h**3 + 2*h - 2. Let w(g) = 3*g + g**2 - 4*g + 2*g. Let a(s) = -4*w(s) - x(s). Determine a(-3).
1
Let a(v) = v**3 - 10*v**2 + 9*v - 6. Suppose 4*c - 3 = -3*y + 4, 0 = 2*c + 10. Give a(y).
-6
Let m(t) be the first derivative of 8*t**3/3 + t**2/2 - t + 1. Suppose -2*l - 4*g = -14, 10 = 93*l - 89*l + 2*g. Give m(l).
8
Let y(l) be the first derivative of 9 + 7/2*l**2 - 8/3*l**3 - 5*l + 1/4*l**4. Let v(w) = w**2 - 4*w + 2. Let x be v(5). What is y(x)?
-5
Suppose 11*h - 9*h - 2 = 0. Let b(o) = o - h + 0 + 0*o. Determine b(-2).
-3
Let b(o) = o**3 + 8*o**2 - 21*o - 6. Let y be b(-10). Let k(t) be the second derivative of -t**3/2 + 9*t. Give k(y).
-12
Let g(t) be the third derivative of t**5/40 - 13*t**3/6 - 5*t**2. Let n(y) be the first derivative of g(y). Let m = -3 + 2. Give n(m).
-3
Let v(o) = -o. Suppose -w = 2*w. Let a(u) = u - 1. Let k be a(w). Let r be (5 - 4)*(k - -2). Determine v(r).
-1
Suppose 16 = 5*r - 4. Let c(h) = -h**3 + 2*h**2 + 8*h. Let a be c(r). Let b(x) = -x**2 - 9. What is b(a)?
-9
Let q(y) = y**3 + y**2 - y + 8. Let k(g) = g - 1. Let d(o) = -k(o) - q(o). Suppose -4*w = 11*w - 12*w. What is d(w)?
-7
Suppose 3*b - 5*b - 30 = 5*c, -5*b - 21 = -c. Let m(y) = 8*y + 12. Let h(z) = z + 1. Let d(a) = 5*h(a) - m(a). Determine d(b).
8
Let j be 77/66*(-21)/(-49). Let a(x) be the first derivative of -j*x**2 + 0*x - 14 + 11/3*x**3. Determine a(1).
10
Let k(m) = -m**3 - m**2 - m + 2. Suppose -6*x + 2 = -16. Suppose x*c - 4*d - 16 = 0, 16 = c - d - 3*d. Give k(c).
2
Let x(p) = 3*p - 2. Let f be (-2 - -4)*-2*(-8)/(-32). What is x(f)?
-5
Let u = 4 - 3. Suppose -2*s = -u - 11. Let z(v) = 0 + 13*v**3 + 7*v**2 - 5 - 6*v - 14*v**3 + 3 - 4. Calculate z(s).
-6
Let k(c) = 3*c**2 - 2*c - 5. Let s be k(0). Let h(o) = 1. Let v(z) = -z - 7. Let p(l) = -5*h(l) - v(l). Determine p(s).
-3
Let h(c) = 9*c + 94. Let q be h(-10). Let d(k) be the second derivative of 3/2*k**2 + 0 + 1/12*k**4 - k**3 + q*k. What is d(4)?
-5
Let q(f) be the second derivative of -f**4/12 - 4*f**3/3 + f**2/2 - 4*f. Let u be 3/2*(-12)/(-9). Let o be (24/(-6))/(u/4). Determine q(o).
1
Let w(f) = -f**2 - 4*f + 7. Let d(r) = 12*r - 2. Let p be d(1). Suppose -p - 15 = 5*x. What is w(x)?
2
Let r(d) = -d**3 + 8*d**2 - 8*d + 7. Let q = 630 - 623. Give r(q).
0
Let s(y) = 8*y + 0*y + 6 - 2. Suppose 15 = -3*x, -m = 2*m - x - 17. Let r(v) = 7*v + 5. Let a(f) = m*s(f) - 3*r(f). Calculate a(1).
12
Let x(u) = -u**3 - 3*u**2 + 3*u + 1. Suppose -j + 9 = 11, z = 4*j + 5. What is x(z)?
-8
Let x(s) = -s**3 - 3*s**2 + s + 3. Let o = -1585 + 1582. What is x(o)?
0
Let o(j) = j**3 - 5*j**2 + 7*j - 5. Let g be o(4). Let w be (-58)/7 - (-2)/7. Let u = g + w. Let q(x) = x + 2. Calculate q(u).
1
Suppose 5*r + 3*r - 2*r = 0. Let m be 4/(-4) + (9 - r). Let q(p) = p**2 - 7*p + 4. What is q(m)?
12
Let w(z) be the third derivative of -z**9/60480 - z**8/6720 + z**6/180 - 13*z**5/30 + 21*z**2. Let g(h) be the third derivative of w(h). Determine g(-3).
4
Let b(v) = 69*v - 3. Let f(r) = -32*r + 1. Let d(y) = -3*b(y) - 7*f(y). Give d(-1).
-15
Let z(m) = 5*m**3. Let y(x) = -6*x**3 + x**2 - x - 1. Let c(v) = 4*y(v) + 5*z(v). Suppose -2*t = -7*p + 11*p + 12, -24 = 4*p - t. Calculate c(p).
-9
Let k be (3 - 27/6) + (-8797)/(-2). Let m(n) = -4397 + 3*n + k. Suppose 3*q = -2 + 11. Determine m(q).
9
Let a(f) = f**2 - 9*f + 5. Let h(m) = -m. Let t be h(-8). Give a(t).
-3
Let f(s) = -15 + 0*s + 7*s**2 + 12 - 6*s - s**3 - s**2. Let m be 3/(-9) - (-68)/6. Let c = m - 6. Determine f(c).
-8
Let j(t) = 6*t + 28. Let y(f) = -f. Let l(v) = -2*j(v) - 18*y(v). Let n be l(8). Let k(q) = -q**3 - 8*q**2 + q + 4. What is k(n)?
-4
Let t(g) = 7*g - g**2 - 2 - 2 - g. Give t(6).
-4
Let b be ((-5)/(-10))/((-2)/4). Let p be (-1 + b)*6/(-4). Let h(g) = -3 - p + 0 - g. Give h(-6).
0
Suppose -74 - 226 = -12*n. Suppose 13*p = 18*p + n. Let a(t) = t**3 + 5*t**2 + 5. Calculate a(p).
5
Let r = 93 + -91. Let i(v) = -11*v + 3. Give i(r).
-19
Let m(h) = -h + 2. Let u(o) be the first derivative of 3*o**2/2 - 4*o - 55. Let f(n) = -5*m(n) - 2*u(n). What is f(-5)?
3
Let m be (-8)/(240/25)*-6. Let d(z) = -4*z + 2. Determine d(m).
-18
Let f(m) = -m - 22. Suppose 57*j - 384 = 81*j. Give f(j).
-6
Let l(k) = -k**2 - 4*k - 3. Let x(d) be the second derivative of 3/2*d**3 + 3/4*d**4 - d + 0 + 3*d**2 + 1/20*d**5. Let i be x(-8). Calculate l(i).
1
Let d be 2 - (0 - (-130)/(-5)). Let r = d - 27. Let p(u) = -4*u**3 - 2*u + 1. Determine p(r).
-5
Let c = 301 - 2407/8. Let y(p) be the third derivative of 0 - 1/60*p**5 - 5*p**2 + 5/6*p**3 + 0*p - c*p**4. Give y(-4).
1
Let f(v) be the second derivative of v**3/6 - 9*v**2/2 - 146*v. Calculate f(0).
-9
Let d(m) be the second derivative of -m**4/6 - m**3/3 - m**2/2 + 2*m + 103. What is d(-3)?
-13
Suppose 4*h = 4*o + 1 - 45, -5*o = -h + 5. Let q = 19 + h. Let z(u) = 5*u**2 + 5*u - 7. Let d(m) = m**2 - 1. Let w(r) = 6*d(r) - z(r). Calculate w(q).
-3
Let i = -30 - -32. Let f(h) = -2*h**2 - 4*h + 3. Let u(w) = -3*w**2 - 4*w + 3. Let d(r) = 6*f(r) - 5*u(r). What is d(i)?
7
Let t(j) = 4*j - 6. Let r(q) = 8*q - 12. Suppose -8 = s - 2*b, -s + 2*b = s + 10. Let k(n) = s*r(n) + 5*t(n). What is k(4)?
10
Let k(i) = -i**2 + 6*i + 4. Suppose 0 = 2*o - 3*d + 173, o + 82 = 4*d - d. Let m = o + 97. What is k(m)?
4
Let p(j) = -j**2 - j + 5. Let u be p(0). Let i(s) = 3*s**2 + s - 3 + u*s**2 + 0*s**3 - 4*s**2 - s**3. Suppose 0*x = -2*x + 8. Determine i(x).
1
Let c be -3 - -5 - (-2 - 5). Suppose -3*n + 0 = -c. Let d(z) = z**2 - 3*z - 2*z + 2*z - z + n. Calculate d(3).
0
Let w be 10/(-2) + (-9 - (-5 - 7)). Let m = -2 - -4. Let b(n) = 2*n**m - 2*n + 8 - 8. What is b(w)?
12
Let v(h) = h**2 - 23 + 9 + 10953*h - 10952*h. Calculate v(0).
-14
Suppose -2*z - 2*q + 18 = 2*q, -3*z = -2*q - 3. Let u(s) be the second derivative of s**4/12 + s**3/3 - 2*s - 32. What is u(z)?
15
Suppose 4*a + 2*p - 12 = 0, 0 = 2*a - 5*a + p + 4. Let k(j) = 3*j**2 + 2 - a + 3 + j - 4. Let o = 14 - 12. Calculate k(o).
13
Let n(g) = 12*g**2 - 3*g**2 + 21 + 19 - 41. What is n(1)?
8
Suppose 16*r - 7 = 9. Let g(n) = 10*n**2 + 2*n - 2. Determine g(r).
10
Let l(f) = f**2 + 12*f + 3. Let u be l(-12). Let v(n) = -u - 1 + 0 + 5 + 3*n. What is v(-1)?
-2
Suppose 66*r = 65*r + 2. Let o(x) = -8*x + 2*x**r + 0*x**2 + 6 + 0*x**2. Give o(6).
30
Let x be 4/54 + (-474)/(-135)*(-35)/(-42). Let o(i) = i**2 + i. Let s(t) = 7*t**2 + t + 3. Let c(l) = -6*o(l) + s(l). What 